{"id":1143,"date":"2017-07-22T18:36:14","date_gmt":"2017-07-22T16:36:14","guid":{"rendered":"https:\/\/www.inclusiveeurope.net\/?page_id=1143"},"modified":"2017-10-11T06:47:46","modified_gmt":"2017-10-11T04:47:46","slug":"places","status":"publish","type":"page","link":"https:\/\/www.inclusiveeurope.net\/index.php\/places\/","title":{"rendered":"Places"},"content":{"rendered":"<p><strong>Places<\/strong><\/p>\n<p>The historical former conflict zones, battlefields and\/or places of human misery chosen for this programme share a past that was subject to tragedies, trauma, massive displacement and loss of stability.<\/p>\n<p>The selected places represent the identity of Europe, and also the still unresolved tragedies of a centuries-long history of persecution, expulsion, massacres, wars, invaders, and occupations that continued into the twentieth century and which have affected the present and the future.<\/p>\n<p>We want to redefine these symbolic places of shared history with their partial open wounds, and transform them into places of hope. This positive revaluation will take the form of artistic site-specific public gestures, the result of ongoing collaborations with our project partners in the different countries.<\/p>\n<ul>\n<li><strong>Austria: Feldbach (2018)<\/strong><\/li>\n<\/ul>\n<p>Theme: The turbulent history of the town over the past centuries is taken as the inspiration for the artists to develop site-specific projects. During summer 2018, the artists from the different partner countries are invited to generate site-specific works for Feldbach, so assembling a circuit of gestures in public space in the town.<\/p>\n<p>Synergy:\u00a0 Xenos, KI\u00d6R and the Feldbach municipality \u2013 artists: Dante Buu. Nayar\u00ed Castillo, Joachim Hainzl, Karl Karner, Polonca Lov\u0161in, Liberta Mi\u0161an, Maryam Mohammadi, Igor Petkovi\u0107, Resanita, Nika Rukavina.<\/p>\n<ul>\n<li><strong>Bosnia-Herzegovina: Sarajevo (2017)<\/strong><\/li>\n<\/ul>\n<p>Theme: Around the traumatic history of BiH during the 20<sup>th<\/sup> century.<\/p>\n<p>Synergy:\u00a0 Public Room Sarajevo and Historical Museum BiH \u2013 artist: Dante Buu.<\/p>\n<ul>\n<li><strong>Croatia: Lipa (2017) <\/strong><\/li>\n<\/ul>\n<p>Theme: On the destruction of the place during WWII.<\/p>\n<p>Synergy: Creative Cluster Kombinat and Memorial Center Lipa Remembers \u2013 artist: Nika Rukavina.<\/p>\n<ul>\n<li><strong>Croatia: Peroj (2017) <\/strong><\/li>\n<\/ul>\n<p>Theme: On tourist facilities, migration and refugees internally displaced by the war in Yugoslavia during the 1990s.<\/p>\n<p>Synergy: Metamedia Association \u2013 artist: Liberta Mi\u0161an.<\/p>\n<ul>\n<li><strong>Slovenia:\u00a0 Ko\u010devje (2017) <\/strong><\/li>\n<\/ul>\n<p>Theme: Around ideas of work, economy and empty spaces.<\/p>\n<p>Synergy: KUD Obrat Culture and Art Association \u2013 artist: Polonca Lov\u0161in.<\/p>\n<ul>\n<li><strong>Serbia: Novi Sad (2017) <\/strong><\/li>\n<\/ul>\n<p>Theme: Around\u00a0<em>Petrovaradin,\u00a0<\/em>the largest fortress in Europe during the Habsburg monarchy \/ 1942 war massacre against parts of the population \/ existing posts of a railway bridge from the time of the Austro-Hungarian monarchy \/\u00a0bridges as symbols for Novi Sad as European Capital of Culture 2021.<\/p>\n<p>Synergy:\u00a0 Artebre \u2013 artist: Igor Petkovi\u0107.<\/p>\n<ul>\n<li><strong>Macedonia: Skopje (2017-18).\u00a0<\/strong><\/li>\n<\/ul>\n<p>Theme:\u00a0 On centuries of conflict between a Muslim and Christian population.<\/p>\n<p>Synergy: Public Room Skopje<\/p>","protected":false},"excerpt":{"rendered":"<p>Places The historical former conflict zones, battlefields and\/or places of human misery chosen for this programme share a past that was subject to tragedies, trauma, massive displacement and loss of stability. The selected places represent the identity of Europe, and also the still unresolved tragedies of a centuries-long history of persecution, expulsion, massacres, wars, invaders, &hellip; <\/p>\n<p class=\"link-more\"><a href=\"https:\/\/www.inclusiveeurope.net\/index.php\/places\/\" class=\"more-link\">Continue reading<span class=\"screen-reader-text\"> &#8220;Places&#8221;<\/span><\/a><\/p>\n","protected":false},"author":4,"featured_media":5613,"parent":0,"menu_order":0,"comment_status":"closed","ping_status":"closed","template":"","meta":{"footnotes":""},"class_list":["post-1143","page","type-page","status-publish","has-post-thumbnail","hentry"],"_links":{"self":[{"href":"https:\/\/www.inclusiveeurope.net\/index.php\/wp-json\/wp\/v2\/pages\/1143","targetHints":{"allow":["GET"]}}],"collection":[{"href":"https:\/\/www.inclusiveeurope.net\/index.php\/wp-json\/wp\/v2\/pages"}],"about":[{"href":"https:\/\/www.inclusiveeurope.net\/index.php\/wp-json\/wp\/v2\/types\/page"}],"author":[{"embeddable":true,"href":"https:\/\/www.inclusiveeurope.net\/index.php\/wp-json\/wp\/v2\/users\/4"}],"replies":[{"embeddable":true,"href":"https:\/\/www.inclusiveeurope.net\/index.php\/wp-json\/wp\/v2\/comments?post=1143"}],"version-history":[{"count":16,"href":"https:\/\/www.inclusiveeurope.net\/index.php\/wp-json\/wp\/v2\/pages\/1143\/revisions"}],"predecessor-version":[{"id":8533,"href":"https:\/\/www.inclusiveeurope.net\/index.php\/wp-json\/wp\/v2\/pages\/1143\/revisions\/8533"}],"wp:featuredmedia":[{"embeddable":true,"href":"https:\/\/www.inclusiveeurope.net\/index.php\/wp-json\/wp\/v2\/media\/5613"}],"wp:attachment":[{"href":"https:\/\/www.inclusiveeurope.net\/index.php\/wp-json\/wp\/v2\/media?parent=1143"}],"curies":[{"name":"wp","href":"https:\/\/api.w.org\/{rel}","templated":true}]}}

<p><strong>Places</strong></p>
<p>The historical former conflict zones, battlefields and/or places of human misery chosen for this programme share a past that was subject to tragedies, trauma, massive displacement and loss of stability.</p>
<p>The selected places represent the identity of Europe, and also the still unresolved tragedies of a centuries-long history of persecution, expulsion, massacres, wars, invaders, and occupations that continued into the twentieth century and which have affected the present and the future.</p>
<p>We want to redefine these symbolic places of shared history with their partial open wounds, and transform them into places of hope. This positive revaluation will take the form of artistic site-specific public gestures, the result of ongoing collaborations with our project partners in the different countries.</p>
<ul>
<li><strong>Austria: Feldbach (2018)</strong></li>
</ul>
<p>Theme: The turbulent history of the town over the past centuries is taken as the inspiration for the artists to develop site-specific projects. During summer 2018, the artists from the different partner countries are invited to generate site-specific works for Feldbach, so assembling a circuit of gestures in public space in the town.</p>
<p>Synergy:  Xenos, KIÖR and the Feldbach municipality – artists: Dante Buu. Nayarí Castillo, Joachim Hainzl, Karl Karner, Polonca Lovšin, Liberta Mišan, Maryam Mohammadi, Igor Petković, Resanita, Nika Rukavina.</p>
<ul>
<li><strong>Bosnia-Herzegovina: Sarajevo (2017)</strong></li>
</ul>
<p>Theme: Around the traumatic history of BiH during the 20<sup>th</sup> century.</p>
<p>Synergy:  Public Room Sarajevo and Historical Museum BiH – artist: Dante Buu.</p>
<ul>
<li><strong>Croatia: Lipa (2017) </strong></li>
</ul>
<p>Theme: On the destruction of the place during WWII.</p>
<p>Synergy: Creative Cluster Kombinat and Memorial Center Lipa Remembers – artist: Nika Rukavina.</p>
<ul>
<li><strong>Croatia: Peroj (2017) </strong></li>
</ul>
<p>Theme: On tourist facilities, migration and refugees internally displaced by the war in Yugoslavia during the 1990s.</p>
<p>Synergy: Metamedia Association – artist: Liberta Mišan.</p>
<ul>
<li><strong>Slovenia:  Kočevje (2017) </strong></li>
</ul>
<p>Theme: Around ideas of work, economy and empty spaces.</p>
<p>Synergy: KUD Obrat Culture and Art Association – artist: Polonca Lovšin.</p>
<ul>
<li><strong>Serbia: Novi Sad (2017) </strong></li>
</ul>
<p>Theme: Around <em>Petrovaradin, </em>the largest fortress in Europe during the Habsburg monarchy / 1942 war massacre against parts of the population / existing posts of a railway bridge from the time of the Austro-Hungarian monarchy / bridges as symbols for Novi Sad as European Capital of Culture 2021.</p>
<p>Synergy:  Artebre – artist: Igor Petković.</p>
<ul>
<li><strong>Macedonia: Skopje (2017-18). </strong></li>
</ul>
<p>Theme:  On centuries of conflict between a Muslim and Christian population.</p>
<p>Synergy: Public Room Skopje</p>
